ed by 96?
6
Calculate the remainder when 1758 is divided by 41.
36
Calculate the remainder when 2302 is divided by 34.
24
Calculate the remainder when 411 is divided by 101.
7
What is the remainder when 87 is divided by 67?
20
What is the remainder when 190 is divided by 12?
10
What is the remainder when 166 is divided by 34?
30
What is the remainder when 16 is divided by 4?
0
What is the remainder when 177 is divided by 11?
1
What is the remainder when 712 is divided by 106?
76
Calculate the remainder when 43 is divided by 9.
7
What is the remainder when 33 is divided by 3?
0
What is the remainder when 1188 is divided by 70?
68
What is the remainder when 1379 is divided by 4?
3
Calculate the remainder when 716 is divided by 90.
86
What is the remainder when 657 is divided by 325?
7
Calculate the remainder when 242 is divided by 32.
18
Calculate the remainder when 327 is divided by 15.
12
What is the remainder when 1900 is divided by 28?
24
Calculate the remainder when 1834 is divided by 153.
151
What is the remainder when 399 is divided by 8?
7
Calculate the remainder when 847 is divided by 280.
7
What is the remainder when 2666 is divided by 116?
114
Calculate the remainder when 226 is divided by 47.
38
Calculate the remainder when 115 is divided by 36.
7
Calculate the remainder when 790 is divided by 88.
86
Calculate the remainder when 4305 is divided by 139.
135
Calculate the remainder when 1347 is divided by 105.
87
Calculate the remainder when 147 is divided by 144.
3
Calculate the remainder when 203 is divided by 82.
39
Calculate the remainder when 106 is divided by 42.
22
What is the remainder when 41 is divided by 38?
3
Calculate the remainder when 341 is divided by 43.
40
Calculate the remainder when 139 is divided by 34.
3
Calculate the remainder when 2294 is divided by 9.
8
Calculate the remainder when 353 is divided by 111.
20
Calculate the remainder when 71 is divided by 15.
11
What is the remainder when 91 is divided by 19?
15
Calculate the remainder when 253 is divided by 111.
31
Calculate the remainder when 643 is divided by 54.
49
What is the remainder when 1746 is divided by 76?
74
Calculate the remainder when 1147 is divided by 46.
43
What is the remainder when 973 is divided by 97?
3
Calculate the remainder when 2513 is divided by 229.
223
Calculate the remainder when 320 is divided by 83.
71
What is the remainder when 1017 is divided by 68?
65
Calculate the remainder when 2782 is divided by 39.
13
Calculate the remainder when 76 is divided by 35.
6
What is the remainder when 368 is divided by 42?
32
What is the remainder when 605 is divided by 151?
1
What is the remainder when 738 is divided by 110?
78
What is the remainder when 299 is divided by 62?
51
What is the remainder when 4227 is divided by 29?
22
What is the remainder when 413 is divided by 121?
50
Calculate the remainder when 64 is divided by 23.
18
Calculate the remainder when 872 is divided by 9.
8
Calculate the remainder when 220 is divided by 75.
70
Calculate the remainder when 325 is divided by 41.
38
Calculate the remainder when 1303 is divided by 426.
25
What is the remainder when 60 is divided by 35?
25
What is the remainder when 1253 is divided by 33?
32
What is the remainder when 265 is divided by 8?
1
Calculate the remainder when 172 is divided by 29.
27
What is the remainder when 104 is divided by 62?
42
Calculate the remainder when 420 is divided by 130.
30
What is the remainder when 174 is divided by 47?
33
What is the remainder when 305 is divided by 31?
26
What is the remainder when 285 is divided by 41?
39
What is the remainder when 1477 is divided by 140?
77
Calculate the remainder when 897 is divided by 36.
33
What is the remainder when 4631 is divided by 14?
11
Calculate the remainder when 7127 is divided by 11.
10
Calculate the remainder when 362 is divided by 170.
22
Calculate the remainder when 238 is divided by 48.
46
Calculate the remainder when 28 is divided by 7.
0
What is the remainder when 2181 is divided by 436?
1
Calculate the remainder when 372 is divided by 193.
179
Calculate the remainder when 309 is divided by 31.
30
What is the remainder when 1087 is divided by 42?
37
What is the remainder when 68 is divided by 21?
5
Calculate the remainder when 100 is divided by 17.
15
Calculate the remainder when 189 is divided by 96.
93
Calculate the remainder when 1062 is divided by 38.
36
What is the remainder when 1455 is divided by 289?
10
What is the remainder when 30 is divided by 19?
11
What is the remainder when 1068 is divided by 37?
32
Calculate the remainder when 126 is divided by 11.
5
What is the remainder when 197 is divided by 94?
9
What is the remainder when 178 is divided by 17?
8
Calculate the remainder when 670 is divided by 33.
10
Calculate the remainder when 16357 is divided by 8174.
9
Calculate the remainder when 1392 is divided by 173.
8
What is the remainder when 1019 is divided by 3?
2
Calculate the remainder when 10433 is divided by 55.
38
Calculate the remainder when 288 is divided by 69.
12
What is the remainder when 188 is divided by 61?
5
What is the remainder when 62 is divided by 15?
2
Calculate the remainder when 346 is divided by 65.
21
What is the remainder when 155 is divided by 116?
39
Calculate the remainder when 1786 is divided by 56.
50
What is the remainder when 564 is divided by 114?
108
Calculate the remainder when 89 is divided by 31.
27
Calculate the remainder when 79 is divided by 16.
15
Calculate the remainder when 675 is divided by 62.
55
Calculate the remainder when 633 is divided by 12.
9
Calculate the remainder when 354 is divided by 102.
48
Calculate the remainder when 3229 is divided by 16.
13
Calculate the remainder when 249 is divided by 85.
79
Calculate the remainder when 925 is divided by 103.
101
What is the remainder when 251 is divided by 123?
5
Calculate the remainder when 3449 is divided by 91.
82
What is the remainder when 930 is divided by 49?
48
What is the remainder when 153 is divided by 67?
19
Calculate the remainder when 173 is divided by 16.
13
Calculate the remainder when 224 is divided by 15.
14
What is the remainder when 2000 is divided by 247?
24
Calculate the remainder when 159 is divided by 44.
27
Calculate the remainder when 537 is divided by 30.
27
What is the remainder when 167 is divided by 90?
77
Calculate the remainder when 865 is divided by 30.
25
Calculate the remainder when 318 is divided by 36.
30
What is the remainder when 57 is divided by 16?
9
What is the remainder when 251 is divided by 141?
110
What is the remainder when 302 is divided by 17?
13
What is the remainder when 297 is divided by 38?
31
Calculate the remainder when 218 is divided by 25.
18
Calculate the remainder when 274 is divided by 120.
34
What is the remainder when 262 is divided by 66?
64
What is the remainder when 1606 is divided by 35?
31
Calculate the remainder when 223 is divided by 35.
13
What is the remainder when 1608 is divided by 115?
113
What is the remainder when 4710 is divided by 47?
10
Calculate the remainder when 11502 is divided by 8.
6
Calculate the remainder when 859 is divided by 326.
207
Calculate the remainder when 200 is divided by 43.
28
What is the remainder when 335 is divided by 23?
13
What is the remainder when 611 is divided by 44?
39
What is the remainder when 1353 is divided by 171?
156
What is the remainder when 611 is divided by 407?
204
Calculate the remainder when 120 is divided by 56.
8
Calculate the remainder when 149 is divided by 72.
5
Calculate the remainder when 380 is divided by 124.
8
Calculate the remainder when 2202 is divided by 63.
60
Calculate the remainder when 544 is divided by 140.
124
What is the remainder when 834 is divided by 93?
90
Calculate the remainder when 7582 is divided by 205.
202
Calculate the remainder when 4487 is divided by 10.
7
What is the remainder when 517 is divided by 251?
15
What is the remainder when 130 is divided by 19?
16
Calculate the remainder when 341 is divided by 43.
40
Calculate the remainder when 550 is divided by 19.
18
Calculate the remainder when 362 is divided by 26.
24
What is the remainder when 4229 is divided by 23?
20
Calculate the remainder when 928 is divided by 104.
96
What is the remain